j) = 16*j - 11. Is f(10) a composite number?
False
Let f = 11 + -9. Suppose f*v + 8 = 4*q - 4, 4*v = -3*q - 2. Suppose -4*u = 4*h - 96, -4*h = -5*u + q - 89. Is h a prime number?
True
Let q be 65*((-34)/(-10) + -3). Suppose 0 = -2*f + q + 72. Is f composite?
True
Suppose 4*t + 3*n = 283, 131 = -0*t + 2*t + 5*n. Let j = -83 - -47. Let m = t + j. Is m composite?
False
Let s(g) = -154*g - 46. Is s(-8) a prime number?
False
Let w(n) = -6*n**2 + 6 + 0*n**3 + n**3 + 4*n**2 - 7*n. Is w(4) a prime number?
False
Suppose -2*j + 4*j - 118 = -4*p, 4*j - 197 = 5*p. Is j a composite number?
False
Let n = 4 + -2. Suppose -3*u + n*a + 0*a = 8, -u + 4 = a. Let y(f) = -f**3 + f**2 + f + 7. Is y(u) prime?
True
Suppose 595 = -2*y + 7*y. Let h = y - 30. Suppose 3*l - 10 = h. Is l prime?
False
Let x be 23/(12/(-9) - -1). Let b = -186 - x. Let d = -28 - b. Is d prime?
True
Let w(q) = q**2 + 3*q + 1. Is w(6) a prime number?
False
Let t = 2 + 1. Suppose 4*c = c + 3*g + 18, -c - 2*g - t = 0. Suppose 4*m + y + 4*y = 82, -c*m = -5*y - 79. Is m a composite number?
False
Let k(x) = x**3 - 9*x**2 - 37*x + 16. Is k(19) a composite number?
True
Let f be 79 - 15 - (1 - 4). Let q = 266 - f. Is q prime?
True
Let f(p) = p**3 - 4*p**2 - 2*p - 7. Let t be f(5). Suppose -2*z = -i - t - 84, -5*i = 3*z - 151. Is z a prime number?
True
Suppose -3*s + 7*s = -x + 2672, 3327 = 5*s - 2*x. Is s a composite number?
True
Let r(f) be the third derivative of -f**5/60 + 7*f**4/24 - 7*f**3/6 + f**2. Let t be r(7). Is 2/t + 555/7 composite?
False
Suppose 0 = 5*y - 2*y + 186. Suppose -5*k + 3*c + 10 = 4*c, 2*k + 5*c = 4. Is y*-2*k/8 prime?
True
Suppose -7*x + 5*l = -3*x - 477, -5 = l. Is x composite?
False
Let y = 0 - -2. Suppose -y*h - 4*x = -62, -2*h = -0*h - x - 67. Let t = h - -62. Is t prime?
False
Let h(u) = 11*u + 12*u - u - 7 + 2*u. Let q(o) = 6*o**3 - o**2. Let d be q(1). Is h(d) prime?
True
Suppose -2*w - 5*a = -4*w - 33, 0 = -a + 5. Let g(h) = 3*h**2 + 6*h + 1. Is g(w) prime?
False
Suppose -4186 = -3*a - 2*y + 10222, 0 = 4*a - 3*y - 19239. Is (-4)/(-26) - a/(-26) a composite number?
True
Suppose -5*g - 213 = 812. Let w = g + 456. Is w a composite number?
False
Suppose -3*z + 16530 = -5*g + 4*g, -5*z - 5*g = -27530. Is z prime?
False
Suppose 0 = -x + 55 + 240. Is x prime?
False
Let g(b) = -b. Let p(z) = -61*z - 2. Let t(h) = 5*g(h) - p(h). Let u be t(2). Let s = -61 + u. Is s prime?
True
Suppose -4*x - 3*j = 2*j + 8, -5*x - j = -11. Suppose 0*k = k - 3*m - 4, -x*k = 4*m - 12. Suppose -k*y = -l - 34 - 5, 3*l = -5*y + 70. Is y a prime number?
True
Let a(v) = 142*v**2 - 6*v + 1. Is a(4) prime?
False
Let s be (-9)/(-2)*(-90)/(-5). Let j = s + -27. Suppose -l + j = -37. Is l composite?
True
Suppose -7*d = -2*i - 5*d + 156, -3*d = -2*i + 155. Is i prime?
True
Suppose 3*h = u - 1, -4*u + 0*u + 4 = 2*h. Suppose h*a - 40 = -2*a. Let q = a + -9. Is q a composite number?
False
Suppose 24 = p + 3*p. Let z(x) = -x**3 + 8*x**2 + x + 4. Is z(p) prime?
False
Let f(q) = q**3 - q**2 + q + 6. Suppose -b - 2*b = -4*v - 12, 5*b = -v + 20. Is f(v) a prime number?
False
Let o(h) = 3*h**3 + 2*h + 1. Let v be o(2). Suppose -a - 22 = -3*a + 2*i, 5*i - v = -a. Let u = -1 + a. Is u composite?
False
Let o = 100 + -46. Suppose -o = -t - 291. Let j = t - -332. Is j a prime number?
False
Is (-21)/(-6)*134*1 composite?
True
Is ((-1114)/5)/((80/(-25))/8) a prime number?
True
Let d = 4 + -4. Let o be d*1/(-2*1). Suppose 3*s + 2*s - 190 = o. Is s composite?
True
Suppose 329 = -2*r + 3*r. Is r a prime number?
False
Suppose q - 3*u + 150 = 13, -q + 2*u - 136 = 0. Let a = q - -212. Let z = a - -19. Is z composite?
False
Suppose -3*p + 3*t + 396 = 0, 5*p - 88 = 4*t + 573. Is p a prime number?
False
Suppose -4*i = 2*i + 6. Is i*148/(-8)*14 a prime number?
False
Let w(t) = 32*t - 10. Suppose 5 = -4*i + 33. Is w(i) composite?
True
Suppose -3350 = -n - 4*n - 2*v, 0 = 5*v + 25. Suppose -2*c - 2*c + n = 5*f, 3*c - 473 = 4*f. Is c prime?
True
Let w = -348 + 795. Is w a prime number?
False
Let c = 9 - 5. Suppose c*j = 3*j - 30. Let z = 63 + j. Is z prime?
False
Suppose -714 + 96 = -2*i. Is i composite?
True
Suppose 2*s = -2 - 0. Let h = 3 + s. Suppose h*o + j = 175, -4*j = -o + 18 + 83. Is o composite?
False
Let s(o) = -o**3 + 5*o**2 - 4*o + 1. Let b be s(3). Let x(z) = -z + 9. Is x(b) composite?
False
Suppose -3 = -r, 3*r = 3*x + x + 9. Suppose 4*z + z - 15 = x. Suppose 2*w - 635 = -z*w. Is w a composite number?
False
Suppose 8 = 5*v - 22. Let s = 8 - v. Is s prime?
True
Suppose -5*l + 508 = 53. Is l a composite number?
True
Is (-1780)/(-8) - (-12)/(-8) prime?
False
Let w(v) = -v**3 - v + 7. Let k be w(0). Suppose 0 = r + 3*n - k*n + 9, -r = -3*n + 4. Is r a prime number?
True
Let r = -281 - -2794. Is r a composite number?
True
Suppose 0 - 12 = -3*i. Let u(w) = -i - 5*w + 1 + 4. Is u(-1) composite?
True
Let l be (-5 + 4)/(2/(-14)). Let q = l + -5. Is 83*3/3 + q a composite number?
True
Let v(r) = 2*r - 6. Suppose 2 = -j + 7. Let i be v(j). Let n(g) = -g**3 + 4*g**2 + 5*g + 1. Is n(i) a composite number?
True
Let z(y) = y**3 - 4*y**2 - 4*y + 2. Is z(7) prime?
False
Suppose -2*c - 214 = -44. Let p = c + 122. Suppose 0 = -m + p + 40. Is m a prime number?
False
Let b(i) = i**2 - 7*i + 6. Let u be b(6). Let d(m) be the second derivative of m**3/6 + m**2 + 4*m. Is d(u) a prime number?
True
Let r = -1 + 3. Suppose -2*y - y + 69 = -3*h, 20 = y + r*h. Is y prime?
False
Suppose 5*o + 1 = 21. Is ((-14)/21)/(o/(-138)) a prime number?
True
Suppose 0 = k + 4*w + 19 + 1, -5*w = 4*k + 25. Suppose k = 2*b - 23 - 21. Is b prime?
False
Suppose 0 = -r - q + 112, q = -3*q - 8. Suppose -2*i - 20 = 2*i, 4*n = 2*i - r. Let t = n - -65. Is t a prime number?
False
Let x(p) be the second derivative of p**6/360 - p**5/120 - p**4/12 + p**3/6 - p. Let q(y) be the second derivative of x(y). Is q(-3) a composite number?
True
Suppose 2*u + 619 - 177 = -3*m, 730 = -5*m - 5*u. Let p = m + 373. Is p a composite number?
False
Let b(x) = 3 - 7*x + x**2 - 12*x + 13*x. Is b(-10) composite?
False
Suppose -5*o + 8049 - 2774 = 0. Is o a prime number?
False
Let k(t) = 56*t - 17. Is k(8) a composite number?
False
Suppose t - i - 200 = 184, -5*i - 404 = -t. Is t a composite number?
False
Suppose -2835 = 21*p - 35490. Is p a prime number?
False
Suppose 5*c + 6 = 5*p - 79, p = -4*c - 8. Suppose -4*s + p = 0, 81 = 2*f + 2*f - s. Is f composite?
True
Let i = 2416 - 1373. Is i a composite number?
True
Suppose -z + 5 = 0, 2*a = a + z + 90. Is a composite?
True
Suppose 0*y + 4*y = -2*m + 4210, 2*m + 1065 = y. Is y prime?
False
Let h = 117 - -10. Is h a composite number?
False
Suppose -5*t - 6 = -1. Let n = -4 + 3. Is 1 + t/n - -21 a composite number?
False
Suppose 0 = d + 222 + 146. Is 2/10 + d/(-10) prime?
True
Let y = 338 - 215. Is y a composite number?
True
Let p = -114 - -245. Is p a composite number?
False
Suppose 2036 - 293 = 3*l. Is l a prime number?
False
Suppose 4*k + 12 = -12. Let z = k + 5. Is 75 - z - (-2)/2 a composite number?
True
Let r(w) = w**2 + 7*w + 6. Let v be r(-7). Let u be (-1 + 17)*v/4. Let s = -9 + u. Is s composite?
True
Suppose 6502 = -32*h + 34*h. Is h a composite number?
False
Let w(s) = -42*s - 7. Is w(-9) composite?
True
Let i = 3 - -1. Is (74/i)/(2/4) composite?
False
Suppose -5*z + 2223 = -4*g, z + 2*g - 29 = 410. Suppose 2*d + 73 = z. Is d prime?
False
Let r = 13426 - 8873. Is r a prime number?
False
Suppose 2*g = 3*x + 24, -47 = 5*x + 3*g - 4*g. Let d be (4/x)/((-1)/5). Is (222/9)/(d/3) composite?
False
Suppose 276 + 285 = 3*n. Is n composite?
True
Suppose 312 = m - g - 0*g, -4*m - 2*g + 1218 = 0. Is m prime?
True
Let j = 2 + 1. Suppose 0*k = -j*k + 6, 2*w + 4*k - 70 = 0. Is w prime?
True
Let q be 6/2 - (0 + 1). Suppose q*o + 3*o = 35. Is o a prime number?
True
Let w(b) = -b**3 - 2*b**2 + 5*b + 2. Let h be w(-6). Let m = -51 + h. Is m a composite number?
True
Suppose 664 = 9*c - 425. Is c a composite number?
True
Suppose 5*f = -5*t - 240, -4*f - 192 = -0*f - 5*t. Let g = -11 - f. Is g a prime number?
True
Let r(d) = -20*d - 3. Let l be -2 - (-1 + 0 - 1). Let w(j) = -j**2 + j - 4. Let a be w(l). Is r(a) prime?
False
Is -3582*6/(-24) - 2/4 composite?
True
Let w(m) = -m**2 + 9*m - 6. Let o be w(8). Let v = o + -2. Suppose v = 2*g + 2*g - 364. Is g pr